

{"id":3644,"date":"2020-10-19T13:16:27","date_gmt":"2020-10-19T19:16:27","guid":{"rendered":"https:\/\/www.compu-tecnia.com\/index.php\/contacto\/"},"modified":"2020-12-31T18:37:02","modified_gmt":"2021-01-01T00:37:02","slug":"contacto","status":"publish","type":"page","link":"https:\/\/www.compu-tecnia.com\/index.php\/contacto\/","title":{"rendered":"Contacto"},"content":{"rendered":"<p>[vc_row pix_padding_top=&#8221;pix-top-no-padding&#8221; pix_padding_bottom=&#8221;pix-padding-bottom-xl&#8221; gradient_colors=&#8221;%5B%7B%7D%5D&#8221; pix_padding=&#8221;pix-padding-both&#8221; pix_padding_size=&#8221;pix-padding-xl&#8221; css=&#8221;.vc_custom_1524661307004{margin-bottom: -20px !important;}&#8221;][vc_column][vc_row_inner][vc_column_inner width=&#8221;1\/3&#8243; css=&#8221;.vc_custom_1529228742136{padding-right: 10px !important;}&#8221;][common_icon_box icon_type=&#8221;font&#8221; icon_pixsimple=&#8221;icon-map&#8221; icon_size=&#8221;pix-icon-m&#8221; icon_shape=&#8221;round&#8221; icon_color=&#8221;pix-icon-default&#8221; content_position=&#8221;pix-middle&#8221;]<strong>Ubicaci\u00f3n del local<\/strong> &#8211; Estamos ubicados sobre el Circuito L\u00e1zaro C\u00e1rdenas de la Colonia L\u00e1zaro C\u00e1rdenas casi frente al Laboratorio Ter\u00e1n, si ubicas el Home Depot yendo sobre la avenida del parque (antes carretera a Huimilpan) rumbo a Huimilpan, exactamente al llegar al sem\u00e1foro del Colegio Washington ah\u00ed te das vuelta hacia tu derecha para en la siguiente esquina (donde empieza el canal) te metes otra vez hacia la derecha y esa calle ser\u00eda el Circuito L\u00e1zaro C\u00e1rdenas.[\/common_icon_box][\/vc_column_inner][vc_column_inner width=&#8221;1\/3&#8243;][common_icon_box icon_type=&#8221;font&#8221; icon_pixsimple=&#8221;icon-clock&#8221; icon_size=&#8221;pix-icon-m&#8221; icon_shape=&#8221;round&#8221; icon_color=&#8221;pix-icon-default&#8221; content_position=&#8221;pix-middle&#8221;]<strong>Soporte Remoto:<\/strong> Lun-Vie de 10am-7pm<br \/>\n<strong>Cibercaf\u00e9<\/strong>: Lunes a Viernes Trabajamos de<br \/>\n10:00 AM a 8:00 PM<br \/>\n<strong>Cibercaf\u00e9:<\/strong> S\u00e1bados10:00 AM to 8:00 PM<br \/>\n<strong>Cibercaf\u00e9:<\/strong> Domingos de 12:00 PM a 08:00 PM[\/common_icon_box][\/vc_column_inner][vc_column_inner width=&#8221;1\/3&#8243;][common_icon_box icon_type=&#8221;font&#8221; icon_pixsimple=&#8221;icon-location-pin&#8221; icon_size=&#8221;pix-icon-m&#8221; icon_shape=&#8221;round&#8221; icon_color=&#8221;pix-icon-default&#8221; content_position=&#8221;pix-bottom&#8221;]<strong>Direcci\u00f3n:<\/strong>\u00a0Circuito L\u00e1zaro C\u00e1rdenas #795, Col.: L\u00e1zaro C\u00e1rdenas<br \/>\n<strong>Tel\u00e9fono:<\/strong>\u00a0+52 1 442 2423902<br \/>\n<strong>Correo:<\/strong>\u00a0<a href=\"mailto:mventura@compu-tecnia.com\">mventura@compu-tecnia.com<\/a>[\/common_icon_box][\/vc_column_inner][\/vc_row_inner][vc_row_inner pix_padding_top=&#8221;pix-padding-top-s&#8221; gradient_colors=&#8221;%5B%7B%7D%5D&#8221;][vc_column_inner][common_cform7 form_id=&#8221;3662&#8243;][\/vc_column_inner][\/vc_row_inner][\/vc_column][\/vc_row][vc_row full_width=&#8221;stretch_row_content_no_spaces&#8221; pix_padding_top=&#8221;pix-top-no-padding&#8221; pix_padding_bottom=&#8221;pix-bottom-no-padding&#8221; gradient_colors=&#8221;%5B%7B%7D%5D&#8221; ppadding=&#8221;pix-vc_row-no-padding&#8221;][vc_column][common_google_map image=&#8221;3284&#8243; locations=&#8221;%5B%7B%22latlng%22%3A%2240.6700%2C-73.9400%22%2C%22description%22%3A%22New%20York%20-%20685%20Lane%20Drive%20St.%20%20%22%7D%2C%7B%22latlng%22%3A%2240.3483734%2C-74.7048619%22%2C%22description%22%3A%22Princeton%20-%20685%20Lane%20Drive%20St.%22%7D%5D&#8221;][\/vc_column][\/vc_row]<\/p>\n","protected":false},"excerpt":{"rendered":"<p>[vc_row pix_padding_top=&#8221;pix-top-no-padding&#8221; pix_padding_bottom=&#8221;pix-padding-bottom-xl&#8221; gradient_colors=&#8221;%5B%7B%7D%5D&#8221; pix_padding=&#8221;pix-padding-both&#8221; pix_padding_size=&#8221;pix-padding-xl&#8221; css=&#8221;.vc_custom_1524661307004{margin-bottom: -20px !important;}&#8221;][vc_column][vc_row_inner][vc_column_inner width=&#8221;1\/3&#8243; css=&#8221;.vc_custom_1529228742136{padding-right: 10px !important;}&#8221;][common_icon_box icon_type=&#8221;font&#8221; icon_pixsimple=&#8221;icon-map&#8221; icon_size=&#8221;pix-icon-m&#8221; icon_shape=&#8221;round&#8221; icon_color=&#8221;pix-icon-default&#8221; content_position=&#8221;pix-middle&#8221;]Ubicaci\u00f3n del local &#8211; Estamos ubicados sobre el Circuito L\u00e1zaro C\u00e1rdenas de la Colonia L\u00e1zaro C\u00e1rdenas casi frente al Laboratorio Ter\u00e1n, si ubicas el Home Depot yendo sobre la avenida del parque (antes carretera a Huimilpan) rumbo [&hellip;]<\/p>\n","protected":false},"author":1,"featured_media":0,"parent":0,"menu_order":0,"comment_status":"closed","ping_status":"closed","template":"","meta":[],"_links":{"self":[{"href":"https:\/\/www.compu-tecnia.com\/index.php\/wp-json\/wp\/v2\/pages\/3644"}],"collection":[{"href":"https:\/\/www.compu-tecnia.com\/index.php\/wp-json\/wp\/v2\/pages"}],"about":[{"href":"https:\/\/www.compu-tecnia.com\/index.php\/wp-json\/wp\/v2\/types\/page"}],"author":[{"embeddable":true,"href":"https:\/\/www.compu-tecnia.com\/index.php\/wp-json\/wp\/v2\/users\/1"}],"replies":[{"embeddable":true,"href":"https:\/\/www.compu-tecnia.com\/index.php\/wp-json\/wp\/v2\/comments?post=3644"}],"version-history":[{"count":11,"href":"https:\/\/www.compu-tecnia.com\/index.php\/wp-json\/wp\/v2\/pages\/3644\/revisions"}],"predecessor-version":[{"id":4242,"href":"https:\/\/www.compu-tecnia.com\/index.php\/wp-json\/wp\/v2\/pages\/3644\/revisions\/4242"}],"wp:attachment":[{"href":"https:\/\/www.compu-tecnia.com\/index.php\/wp-json\/wp\/v2\/media?parent=3644"}],"curies":[{"name":"wp","href":"https:\/\/api.w.org\/{rel}","templated":true}]}}